i(a). What is d(1)?
2
Let x(r) = -6*r - 1. Let i(g) = -3*g + 3. Let a(o) = -3*i(o) + x(o). Give a(-8).
-34
Let h(r) = -r**3 - r**2. Let u(z) = 4*z**2 - 1 - 70*z**3 + 0*z**2 + 77*z**3 + 0. Let y(c) = 6*h(c) + u(c). What is y(2)?
-1
Let q(r) = 1 - 5 + r + 4. Let y(i) = i**2 - 8*i - 2. Let t be y(8). Let f be t/((8/7)/4). Calculate q(f).
-7
Let y(p) = -p**2 + 6*p + 17. Suppose -61*k + 32 = -57*k. Determine y(k).
1
Let j(g) be the second derivative of 39*g + 0 + 5/2*g**2 + 1/2*g**3. Determine j(-4).
-7
Let w(v) = -9*v**3 + 5*v**2 + 10*v**3 + 13*v - 21*v - 9. Suppose -3*n = -0*n - 2*k + 16, -k + 17 = -3*n. Calculate w(n).
3
Suppose 3*o = 6 - 30. Let t be (o/16)/(2/12). Let f(d) = -d**3 + 0*d**2 + 5*d**2 - 3*d - 4*d**2 - 4 - 3*d**2. Give f(t).
14
Let k(p) = -5*p + 2. Let n(l) = 4*l - 1. Let r(m) = -3*k(m) - 4*n(m). Suppose -4*x + 20 = -3*x. Let s be 51/(-15) - (-8)/x. Give r(s).
1
Let z(x) be the second derivative of x**3/3 - 7*x**2 + 2*x - 105. Give z(5).
-4
Let p = 11 - 6. Let u(g) be the second derivative of g**6/720 - g**5/40 + g**4/2 - 3*g. Let k(s) be the third derivative of u(s). Calculate k(p).
2
Let t(m) = -2*m**3 - 18*m**2 - 28*m + 6. Let k be t(-7). Let a(i) = i**3 - 6*i**2 - 4. Give a(k).
-4
Let h(z) be the third derivative of 0*z + 2/3*z**3 + 1/3*z**4 + 1/60*z**5 + 0 + 30*z**2. Give h(-7).
-3
Let u(q) = q**3 - 3*q - 3. Let b = 5 + -2. Let v(k) = -2*k**3 + 7*k + 6. Let i be (10 - 2) + 7 + -8. Let w(d) = b*v(d) + i*u(d). What is w(0)?
-3
Let x(q) = q - 10. Suppose 8*c = -25 + 105. Calculate x(c).
0
Let j(t) = -t**3 + t**2 - t + 1. Let n(l) = -l. Let y be n(0). Let q be j(y). Let h(o) = -o + 1. Give h(q).
0
Let n(k) = -k**3 + 7*k**2 - 4*k - 5. Let f(q) = -2*q**3 + 10*q**2 - 9*q + 9. Let d be f(4). Give n(d).
25
Let v(p) = -p**2 - 8*p + 2. Suppose -9*i - 5*i - 1344 = 0. Let o = i + 88. Give v(o).
2
Let p(j) be the second derivative of j**3/6 - j**2/2 + 2*j. Suppose 3*c - 78 = -0. Let x = 30 - c. Determine p(x).
3
Let a(l) be the first derivative of -l**3/3 + l + 13. Let b = -14 + 16. What is a(b)?
-3
Let v(j) be the third derivative of 5*j**4/24 - j**3/6 + 22*j**2. Let c(l) = 4*l - 2. Let p(m) = -4*c(m) + 3*v(m). Calculate p(-7).
12
Let y(v) = 2*v + 8. Let f be 2 + (18 - 8) + -7. Calculate y(f).
18
Let d(g) = -6 - 3*g**2 - 3*g**2 + 10*g**2 - 10*g**2 + 3*g**2 + 5*g + g**3. Calculate d(3).
9
Let f(i) = i. Let d be f(1). Suppose k + d = 3. Let v be k/(-8) + 230/(-40). Let p(t) = -t**3 - 7*t**2 - 9*t - 8. Give p(v).
10
Let f(a) be the third derivative of a**4/24 + 7*a**3/6 - 321*a**2. Let r be 3/6*0*1. Determine f(r).
7
Let z(n) = 117 - 43 + n - 65. What is z(-2)?
7
Let i(q) = 17*q - 93. Let x be i(6). Let g(j) = -j + 5. Determine g(x).
-4
Suppose -41*f - 21 = -38*f. Let w(n) = n**3 + 5*n**2 - 2*n + 7. Let s(q) = -3*q**3 - 14*q**2 + 7*q - 22. Let x(g) = -2*s(g) - 7*w(g). Give x(f).
-5
Let f(w) = -2*w**3 + 5*w**2 + 13*w + 1. Let n(z) = -z**3 - z**2 + z. Let c(v) = f(v) - 3*n(v). Calculate c(-7).
-20
Let k be 3/(-2)*-2 + 9/3. Let p(r) be the third derivative of 0 - 1/3*r**4 - r**2 + 1/2*r**3 + 1/60*r**5 + 0*r. Calculate p(k).
-9
Let f(y) = 8*y - 16. Let q(g) = 11*g - 25. Let r(t) = -7*f(t) + 5*q(t). What is r(-7)?
-6
Let c = 21 + 3. Suppose -5*w + 3 = -2*r, 0 = -5*r + w + 3 + c. Let x(g) = r + 3*g + g - 4*g - g. Determine x(-6).
12
Let m be 46 + -46 + (-3 - 0). Let t(z) = -7*z - 10. Give t(m).
11
Suppose s - 5*s + 12 = 0. Suppose -b + s*c - 5 = 0, -2*c + c - 5 = b. Let i = b - -2. Let f(h) = -3*h - 3. Calculate f(i).
6
Suppose -5*f + 5*y = -15, 3*f + y + 11 = -0*f. Suppose 2 = p - 3. Let n(b) = -b + 7*b + 3 - p*b. Give n(f).
1
Let c(y) be the third derivative of 0*y + 1/6*y**3 + y**2 + 0 - 3/8*y**4. Let t = -64 + 63. What is c(t)?
10
Let f(c) = -40*c**3 + c**2 - 1. Let s = -613 - -612. Determine f(s).
40
Let l(x) = -3*x + 45. Suppose 16 = -4*c, g - 15*c = -13*c + 22. Calculate l(g).
3
Let y(t) = -21*t + 73*t - 1 - 21*t - 30*t. Let j be (-12 + 0)/3 + 2. Let n(g) = -g**3 - 2*g**2 - 2*g + 1. Let k be n(j). What is y(k)?
4
Let i be ((-16)/(-10))/((-204)/510). Let r(y) = 3*y**2 + 8*y - 8. What is r(i)?
8
Let o(f) = f**3 - 4*f**2 + f - 3. Let b = 4 + -10. Let w = b - -11. Suppose 0 = w*g + 7 - 27. What is o(g)?
1
Let r(g) be the third derivative of -g**4/8 + 202*g**2. Calculate r(-1).
3
Let u(a) = 3*a + 2. Let n(z) = -2*z - 2. Let w(f) = -4*n(f) - 5*u(f). Let v(q) = -6*q - 2. Let h(m) = -4*v(m) + 3*w(m). Give h(-2).
-4
Let t(v) be the second derivative of 3*v**5/20 - 9*v**2 - 12*v. Let y(o) be the first derivative of t(o). Calculate y(1).
9
Let n be (1 - -38)/((0 - 0) + 1). Let x(l) = 2*l - n - 4*l + 42. Give x(5).
-7
Let l be 30/(-8) - (-1)/(-4). Let p(c) = -c + 16. Let u(x) = -6*x + 86. Let m(g) = -11*p(g) + 2*u(g). What is m(l)?
0
Let p(y) = -4*y - 22. Let a(r) = -3*r - 21. Suppose 2*k + 6 = -2. Let s(u) = k*p(u) + 5*a(u). Let f(i) = -i + 1. Let q(x) = -2*f(x) - s(x). Calculate q(-7).
8
Suppose 71*o - 23 = 48*o. Suppose -5*a = 8 - 68. Let f(d) = 1 - a*d**2 - 2 + d + 6*d**2. What is f(o)?
-6
Suppose 2*u + 25 = -5*v, 5*u + v + 28 = -0*v. Let i(h) = h + 4. Give i(u).
-1
Let s be (-24)/15*((-1)/2 - -3). Let g(y) = -y**3 - 4*y**2 + 4*y + 6. Calculate g(s).
-10
Let j(n) = -2*n - 7. Suppose 2*r + 10 = 5*c, -3 = -c - 4*r - 1. Let f(l) = -2*l**3 + 3*l**2 - l + 1. Let x be f(c). Give j(x).
3
Let t(y) be the third derivative of -y**6/360 - y**5/30 + y**4/8 + 4*y**3/3 + 15*y**2. Let s(w) be the first derivative of t(w). Give s(2).
-9
Let w(n) = n**2 + 7*n + 1. Let x(z) = -z**2 - 7*z. Let s be x(-7). Suppose 0 = -5*j + o - 2*o - 32, 5*j - 4*o + 22 = s. What is w(j)?
-5
Let v(g) be the second derivative of -g**3/6 + 17*g. Calculate v(6).
-6
Let b(k) be the first derivative of -k**3/3 + k**2/2 + 4*k + 2. Let q be b(0). Let j(t) = t**3 - 5*t**2 + 5*t + 2. What is j(q)?
6
Let c(q) = 14*q**2 - 4*q + 8. Let s(k) = -5*k**2 + 2*k - 3. Let b(m) = -6*c(m) - 17*s(m). Determine b(7).
-18
Let b(q) = 4*q - 3. Suppose 22 = 4*z + k, -3*z + 16 = k - 1. Let y(r) = 0*r - 5 + 8*r - r. Let d(a) = z*b(a) - 3*y(a). Give d(4).
-4
Let j(r) be the first derivative of -r**7/840 + r**6/60 + r**5/20 - r**4/3 + 15*r**3 - 44. Let f(y) be the third derivative of j(y). Give f(7).
-15
Let t(y) = -29*y**2 + 20*y - 47. Let z(c) = 13*c**2 - 10*c + 23. Let w(n) = 4*t(n) + 9*z(n). Give w(10).
19
Suppose 0 = -7*h - h + 40. Suppose h*c - 3*c = -4, -28 = 5*t - c. Let f(q) = q + 1. Calculate f(t).
-5
Let p(w) = 6*w + 3. Let z(f) = -11*f - 5. Let g(q) = -7*p(q) - 4*z(q). Give g(5).
9
Let b(m) = -m**2 + 3*m + 5. Let g(c) = -2*c**3 + 21*c**2 + 12*c - 7. Let k be g(11). Give b(k).
1
Let o(k) = -k + 7. Let x = 47 - 44. Suppose 0 = -z + 14 + 2. Suppose -x*c + z = 4. What is o(c)?
3
Let k(y) = 7*y**3 + y**2 + 2*y + 1. Let d(i) = i**2 + 4. Let v be d(0). Suppose -2*l = v*s - 2, -2*s + 5 = -0*l - 3*l. Give k(l).
-7
Let z = -26 - -30. Let c(j) = 2*j**3 - z*j + 11*j - 3*j**3 + 6 + 2*j**3 + 5*j**2. What is c(-4)?
-6
Let l(k) be the second derivative of -k**7/2520 + k**6/180 + k**5/30 - 3*k**4/4 - 17*k. Let y(w) be the third derivative of l(w). What is y(4)?
4
Let w(p) = -2*p**2 - 3*p + 4. Let q(y) = -y**3 - 7*y**2 - 7*y - 5. Let u be (3/2)/(7/(-28)). Let z be q(u). Suppose 0 = -3*g - z - 8. What is w(g)?
-5
Let g be (4/8 + 1)*(-7 + (-35)/(-21)). Let v(m) = 2*m + m + 4 - 2*m. Calculate v(g).
-4
Let j(z) be the first derivative of -2*z**3/3 + 4*z**2 - 3*z - 2. Let d be 5/(25/10) + 3. Calculate j(d).
-13
Let k(m) = -2*m + 2. Let h(z) = -z + 4. Let n(o) = 3*h(o) - k(o). Determine n(14).
-4
Suppose -3*w = 0, -7*w - 8 = 4*u - 2*w. Let y(f) be the third derivative of f**4/12 + f**3/2 - 33*f**2. Give y(u).
-1
Let h(b) be the third derivative of b**4/2 + b**3/2 + 471*b**2. Give h(4).
51
Let b(r) = -4*r. Suppose 3*w - 5*m - 10 = -0*w, 21 = 5*w - 4*m. Determine b(w).
-20
Suppose 0 = 3*o + 5 - 14. Let c(y) be the third derivative of 1/120*y**6 - 1/2*y**3 + 0 + 3*y**2 + 0*y - 1/20*y**5 + 0*y**4. Calculate c(o).
-3
Let r(n) = n**2 - 16*n - 34. Let m be r(18). Let x(q) = q - 12 + 12*q - q**m - 2*q. Calculate x(9).
6
Suppose -3*m - 10 = -2*b, 3*b - 8*b + 12 = -m. Let u(n) = -n - 17 + 19 - 4*n - b*n**2. Give u(-4).
-10
Let c = 16 - 17. Let l be 45/20 + c/4. Let j(i) = 5*i - l*i**2 + 1 - 3*i + 3*i**2 - 4*i**2. Give j(2).
-7
Supp